 + g. What is the tens digit of l?
1
Suppose 5*x + c - 23 = 0, c + 5 = -2*x + 16. Suppose -2*f + 9 = -x*r - 9, 0 = 2*r + 6. Suppose 0 = -2*q + 3*q - v - 94, 3 = -f*v. What is the units digit of q?
3
Suppose w + 0*w + 3 = -3*n, 5*w + 35 = 5*n. What is the tens digit of 2*(-3 + 4) - 9978/w?
6
Let g be (-2 + -177)/((-1)/(-2)). Suppose 3*d + 613 = -38. Let c = d - g. What is the hundreds digit of c?
1
Let q = -1264 + 1274. Suppose -82 = 2*l + 4*k - 446, -4*k = 0. Suppose -q = -12*h + l. What is the tens digit of h?
1
Suppose -2*f + 292 = f - 4*u, 5*u = -5. Suppose 2*s = 2*l + 89 - 275, f = l - 2*s. Suppose 11*a - 1032 = l. What is the hundreds digit of a?
1
Let h(w) = 7*w + 58. Let n be h(-6). What is the tens digit of n/(-24)*12 - -1116?
0
Suppose w = 9669 - 4946. What is the tens digit of w?
2
Let v(d) = 5*d**2 - 3*d**2 + 46 - d + 36 - d**3 - 24. Let o = 7 + -7. What is the units digit of v(o)?
8
What is the units digit of (-12)/28 + (58/(-21))/((-122)/2235894)?
7
What is the units digit of -1 + 174156/28 + (-22)/(-154)?
9
Let b(n) = -2*n**3 - 15*n**2 + 19*n + 7. Let c = -333 - -324. What is the tens digit of b(c)?
7
Suppose 27 + 3 = 5*x. Let d be (-4 + 4)/(x/(3/(-1))). Suppose 5*b - 2*c = 558, -5*b + 2*b - 3*c + 318 = d. What is the tens digit of b?
1
Let y(t) be the first derivative of -11/2*t**2 - 35*t - 34. What is the units digit of y(-10)?
5
Suppose -188826 = -60*f - 8*f + 215434. What is the thousands digit of f?
5
Let s = 6 - 2. Let j be s + (-33)/9*-3. Let u(n) = n**3 - 15*n**2 + 5*n + 5. What is the units digit of u(j)?
0
Suppose r + 36 - 30 = 0. Let h be (-16)/(r - -2) - -1. Suppose -h*d + 637 = 212. What is the tens digit of d?
8
Let g(f) = f**2 + f - 2. Suppose -7*l = l + 2*l. Let x(p) = 8*p + 3. Let t be x(l). What is the units digit of g(t)?
0
Suppose 8*p - 547 = -99. Let d be 21/p - 13/(-8). Suppose 2*n - d*s = -0 + 10, 3*s = 5*n - 33. What is the units digit of n?
9
Let j = 133886 - 84941. What is the hundreds digit of j?
9
Let m = 53565 - 10641. What is the tens digit of m?
2
Suppose -817*n + 781*n - 85301 = -554705. What is the ten thousands digit of n?
1
Let k(o) = 77*o + 69*o - 147*o + 16. Let j be k(8). What is the tens digit of ((-138)/j)/(24/(-256))?
8
Suppose 3*k + 2163 + 1377 = 2*w, -5*w = 4*k - 8804. What is the tens digit of (1/3)/((42/7)/w)?
9
What is the hundreds digit of (4161/(-190))/((-18)/6432) + (-4)/(-10)?
8
Let t(o) = -3*o**3 - 11*o**2 + 5*o + 17. Let p be t(-6). Let z = p + -60. What is the hundreds digit of z?
1
Let i be 13/(390/36)*(1 - -9). Suppose o = i*o - 33. Suppose o*h = -13*h + 2848. What is the units digit of h?
8
Let d = -830 + 10209. Suppose 2*f - 3760 = -3*r, 7*f + d = 12*f - 3*r. What is the units digit of f?
7
Suppose 19*o = 13*o - 8310. Let q = 2017 + o. What is the hundreds digit of q?
6
Suppose 2*l = -13*p + 17*p, 0 = p - 4. What is the hundreds digit of 28*(-531)/(-144) - 2/l?
1
Suppose -7*z = -445 + 417. Suppose -7*n + i + 8477 = 1216, z*i = -n + 1058. What is the tens digit of n?
3
Let m be 29/2 - (-5)/10. Suppose -m*i = -10*i - 80. Let n = 33 - i. What is the tens digit of n?
1
Let o(u) = -5*u**3 - 2*u**2 + 3*u - 1. Let a(f) = f**2 + 4*f. Let l be a(-3). What is the tens digit of o(l)?
0
Suppose 5*l - 7530 = -j, -2*l + 1355 + 1657 = -3*j. Let v = -1019 + l. What is the tens digit of v?
8
Suppose -i + 33080 = 5*m, -2*m = 60*i - 58*i - 13240. What is the units digit of m?
5
Let f(p) be the third derivative of p**5/15 + 9*p**4/8 - 16*p**3/3 - 4*p**2 + 29*p. What is the units digit of f(-21)?
5
Let a be (-3)/(6*1/16). Let n(t) be the third derivative of t**6/120 + t**5/5 + 13*t**4/24 - 7*t**3/6 - t**2 + 217. What is the tens digit of n(a)?
4
Suppose -3*d + 0*d = 393. Let c = d + 335. What is the units digit of c?
4
Let y = -475 - -6602. What is the units digit of y?
7
Suppose -5*y + 5*o = -167280, -110926 = -5*y + 4*o + 56358. What is the units digit of y?
0
Let n be ((-9)/27 - (-14)/(-12))*94. Let w = 82 + n. Let s = w - -109. What is the tens digit of s?
5
What is the hundreds digit of -14 + 49673 - (-6)/((-60)/70)?
6
Let f(q) = q**3 - 12*q**2 - 12*q + 17. Let r be f(10). Let a = r + 650. What is the tens digit of a?
4
Let f be (-18)/4 + 1 + (-3)/(-6). Let p be (1 + -4 - f)/(-4). Suppose p = 2*s - 4*s + 96. What is the tens digit of s?
4
Let a(g) = 15*g - 25 - 8*g + 19*g - 58. What is the units digit of a(18)?
5
Suppose 0 = -2*d + 3 + 13. Suppose -458 + 18 = -d*p. Let w = -29 + p. What is the units digit of w?
6
Let r(u) = 18*u**2 + 16*u + 23. What is the thousands digit of r(10)?
1
Suppose 0 = 4*y - 4*t + 2*t - 88230, 4*t = -5*y + 110294. What is the ten thousands digit of y?
2
Suppose -2*c = 47 - 127. Suppose -2*f = -7*f + c. Let p(s) = s**3 - 7*s**2 + s + 8. What is the units digit of p(f)?
0
Suppose 0 = -4*u - 12, -5*i + 4*u + 28207 + 8515 = 0. What is the units digit of i?
2
Let c(z) = -3*z**2 - 10 - 12 - 290*z + 303*z. Let u be c(-11). Let n = -334 - u. What is the tens digit of n?
9
Suppose 2*l = 2*r + 14714, -2*l + 14706 = 51*r - 55*r. What is the hundreds digit of l?
3
Suppose -5*p - 3*c + 26 = 0, -2*p + 0*c - 2 = -5*c. Suppose 6*j - p = 8. Suppose 0 = -5*s + 3*v + 485, 2*s = 5*s + j*v - 291. What is the units digit of s?
7
Let g be 2/(-4)*-2 + 24. Let v(r) = r**3 + 4*r**2 - 26*r + 41. Let w be v(-8). Let u = g + w. What is the units digit of u?
8
Let a(h) = -5*h - 101. Let q be a(-25). Suppose q*z + 8766 - 29814 = 0. What is the hundreds digit of z?
8
Suppose -3*s - 48 = -5*w, 3*s - 94 = -4*w - 34. Suppose -2*r + 364 = -2*v - 138, 0 = -4*v - w. What is the tens digit of r?
4
Let m(x) be the third derivative of -x**5/60 + x**4/24 - 6*x**2. Let d be m(0). Suppose 3*l + 0 - 24 = -4*b, -l + 4 = d. What is the units digit of b?
3
Suppose 7690 = 4*d - 3*i - 2*i, 4*d + 3*i = 7706. Suppose -12*l = -17*l + d. What is the tens digit of l?
8
Suppose 0 = 2*d + 4*x - 40, 0 = 3*d - 4*d - 4*x + 16. Suppose 36 = 4*n - d. Let p(g) = -g**2 + 27*g + 3. What is the hundreds digit of p(n)?
1
Suppose -43541 = -16*j + 27419. What is the thousands digit of j?
4
Suppose o + 33817 = 4*d, -5*d + 24302 + 17973 = -5*o. What is the tens digit of d?
5
Suppose 4*r + 2*p - 12 = 6*p, -3*r + 4*p + 10 = 0. Let b(x) = -4*x**2 - 3*x - 103*x**2 + 116*x**2. What is the tens digit of b(r)?
3
Let x = 74 + 385. Suppose i - 284 = x. What is the tens digit of i?
4
What is the hundreds digit of (-324)/1080 + (-5353)/(-10)?
5
Suppose -57*z - 47*z = 30*z - 1997270. What is the tens digit of z?
0
What is the hundreds digit of -3*3*(-2618)/42?
5
Let a = -11959 - -23317. Suppose -11*j + a + 236 = 0. What is the thousands digit of j?
1
Suppose -66364 = -6*d - 2*o, 17*o = -d + 22*o + 11098. What is the hundreds digit of d?
0
Let q(l) = 1279*l**2 + 21*l - 84. What is the ten thousands digit of q(3)?
1
Suppose 4*u + 5*y = 25, u - 14*y = -10*y - 20. Suppose -3*l = 3*d - 1614, u = 2*l - 3*d - 365 - 731. What is the tens digit of l?
4
Let b = 109 - 38. Suppose -461 = -15*i - b. What is the tens digit of i?
2
Let d(s) = 9*s + 20. Let l = -3 - -7. Let a be d(l). What is the tens digit of (153/36)/(1*2/a)?
1
Let d = 282 - 392. Let a = 443 + d. What is the units digit of a?
3
Suppose -2*h + 22*h - 80 = 0. Suppose f - 2*q - 447 = -2*f, h*f + 2*q = 610. What is the hundreds digit of f?
1
Let c(t) = -t**2 + 5*t + 109. Let p be c(0). Suppose -5*y - 3*i + p = 0, 3*i + i = 4*y - 100. What is the units digit of y?
3
Suppose 20362 = 3*a - 4*j - 48829, -a = 2*j - 23057. What is the thousands digit of a?
3
Suppose 4*j = 8, -303*b + 4*j = -301*b - 37170. What is the ten thousands digit of b?
1
Suppose 4 = 5*g + p - 11, -4*g = -p - 21. What is the tens digit of -5 + 10 - (-7 - g)?
1
Let o be (-135)/(-10)*1*-62. Let u = 29 - o. What is the tens digit of u?
6
What is the hundreds digit of -1*6 + 25 + -19 - -3390?
3
Suppose 4*p + 3*c - 34698 = -3385, 3*c = -3. What is the tens digit of p?
2
Let m(x) be the first derivative of -15/2*x**2 + 22*x - 21. What is the tens digit of m(-8)?
4
Suppose -5*z + 9705 = 5792 - 7712. What is the hundreds digit of z?
3
Suppose 7*d = -9*d. Suppose -2*u - 570 + 2022 = d. What is the units digit of u?
6
Suppose -136 + 7 = -43*i. What is the tens digit of (-672)/(8 - 11) - (i - -1)?
2
Let x(o) = 8*o**2 - o - 2. Suppose 